{"id":525,"date":"2024-05-15T13:21:31","date_gmt":"2024-05-15T13:21:31","guid":{"rendered":"https:\/\/taxeon.pl\/wiedza\/?page_id=525"},"modified":"2024-05-15T13:21:31","modified_gmt":"2024-05-15T13:21:31","slug":"podatek-vat","status":"publish","type":"page","link":"https:\/\/taxeon.pl\/wiedza\/podatek-vat\/","title":{"rendered":"Podatek VAT"},"content":{"rendered":"\n<ul class=\"list-post-category\"><li><a data-post-type=\"post\" class=\"link-post\" href=\"https:\/\/taxeon.pl\/wiedza\/brak-check-boxa-zwrot-nadwyzki-vat\/\" data-id=\"68\">Brak check boxa &#8222;zwrot nadwy\u017cki VAT&#8221;<\/a><\/li><li><a data-post-type=\"post\" class=\"link-post\" href=\"https:\/\/taxeon.pl\/wiedza\/co-sie-dzieje-z-nadwyzka-vat-z-danego-miesiaca-okresu\/\" data-id=\"69\">Co si\u0119 dzieje z nadwy\u017ck\u0105 VAT z danego miesi\u0105ca\/okresu?<\/a><\/li><li><a data-post-type=\"post\" class=\"link-post\" href=\"https:\/\/taxeon.pl\/wiedza\/czy-musze-byc-platnikiem-vat\/\" data-id=\"198\">Czy musz\u0119 by\u0107 p\u0142atnikiem VAT?<\/a><\/li><li><a data-post-type=\"post\" class=\"link-post\" href=\"https:\/\/taxeon.pl\/wiedza\/czy-musze-rozliczac-podatek-vat-i-dochodowy-od-nieoplaconej-faktury\/\" data-id=\"136\">Czy musz\u0119 rozlicza\u0107 podatek VAT i dochodowy od nieop\u0142aconej faktury?<\/a><\/li><li><a data-post-type=\"post\" class=\"link-post\" href=\"https:\/\/taxeon.pl\/wiedza\/czy-podstawe-zwolnienia-z-podatku-vat-w-przypadku-limitu-wartosci-sprzedazy-musze-umieszczac-na-fakturze\/\" data-id=\"176\">Czy podstaw\u0119 zwolnienia z podatku VAT w przypadku limitu warto\u015bci sprzeda\u017cy musz\u0119 umieszcza\u0107 na fakturze?<\/a><\/li><li><a data-post-type=\"post\" class=\"link-post\" href=\"https:\/\/taxeon.pl\/wiedza\/czy-w-czasie-zawieszenia-dzialalnosci-musze-wysylac-jpk\/\" data-id=\"191\">Czy w czasie zawieszenia dzia\u0142alno\u015bci musz\u0119 wysy\u0142a\u0107 JPK?<\/a><\/li><li><a data-post-type=\"post\" class=\"link-post\" href=\"https:\/\/taxeon.pl\/wiedza\/czy-w-taxeon-moge-wystawiac-deklaracje-vat-ue\/\" data-id=\"166\">Czy w Taxeon mog\u0119 wystawia\u0107 deklaracj\u0119 VAT-UE?<\/a><\/li><li><a data-post-type=\"post\" class=\"link-post\" href=\"https:\/\/taxeon.pl\/wiedza\/czy-z-taxeon-moge-wyslac-plik-jpk-v7-v7k\/\" data-id=\"92\">Czy z Taxeon mog\u0119 wys\u0142a\u0107 plik JPK V7\/V7K?<\/a><\/li><li><a data-post-type=\"post\" class=\"link-post\" href=\"https:\/\/taxeon.pl\/wiedza\/czy-byc-platnikiem-vat\/\" data-id=\"199\">Czy zosta\u0107 p\u0142atnikiem VAT?<\/a><\/li><li><a data-post-type=\"post\" class=\"link-post\" href=\"https:\/\/taxeon.pl\/wiedza\/deklaracja-vat-9m-import-uslug-jak-przygotowac\/\" data-id=\"206\">Deklaracja VAT 9M (import us\u0142ug) jak przygotowa\u0107?<\/a><\/li><li><a data-post-type=\"post\" class=\"link-post\" href=\"https:\/\/taxeon.pl\/wiedza\/dlaczego-ciagle-trwa-sprawdzanie-statusu-po-wysylce-pliku-jpk-v7-v7k\/\" data-id=\"90\">Dlaczego ci\u0105gle trwa SPRAWDZANIE STATUSU po wysy\u0142ce pliku JPK V7\/V7K?<\/a><\/li><li><a data-post-type=\"post\" class=\"link-post\" href=\"https:\/\/taxeon.pl\/wiedza\/dlaczego-dostaje-komunikat-ze-wartosc-sprzedazy-w-jpk_fa-wynosi-0\/\" data-id=\"184\">Dlaczego dostaj\u0119 komunikat, \u017ce warto\u015b\u0107 sprzeda\u017cy w JPK_FA wynosi 0?<\/a><\/li><li><a data-post-type=\"post\" class=\"link-post\" href=\"https:\/\/taxeon.pl\/wiedza\/dlaczego-nie-moge-wylaczyc-opcji-jestem-podatnikiem-vat\/\" data-id=\"164\">Dlaczego nie mog\u0119 wy\u0142\u0105czy\u0107 opcji JESTEM PODATNIKIEM VAT?<\/a><\/li><li><a data-post-type=\"post\" class=\"link-post\" href=\"https:\/\/taxeon.pl\/wiedza\/dlaczego-wpisy-w-pliku-jpk-v7-v7k-nie-sa-ulozone-chronologicznie\/\" data-id=\"91\">Dlaczego wpisy w pliku JPK V7\/V7K nie s\u0105 u\u0142o\u017cone chronologicznie?<\/a><\/li><li><a data-post-type=\"post\" class=\"link-post\" href=\"https:\/\/taxeon.pl\/wiedza\/do-czego-sluzy-pole-imp\/\" data-id=\"86\">Do czego s\u0142u\u017cy pole IMP?<\/a><\/li><li><a data-post-type=\"post\" class=\"link-post\" href=\"https:\/\/taxeon.pl\/wiedza\/gtu-12-uslugi-reklamowe-kiedy-stosowac\/\" data-id=\"80\">GTU-12 &#8211; us\u0142ugi reklamowe. Kiedy stosowa\u0107?<\/a><\/li><li><a data-post-type=\"post\" class=\"link-post\" href=\"https:\/\/taxeon.pl\/wiedza\/jak-mam-dostosowac-program-do-wymogow-jpk-v7-v7k\/\" data-id=\"85\">Jak mam dostosowa\u0107 program do wymog\u00f3w JPK V7\/V7K?<\/a><\/li><li><a data-post-type=\"post\" class=\"link-post\" href=\"https:\/\/taxeon.pl\/wiedza\/jak-moge-poprawic-fakture-z-blednym-nabywca\/\" data-id=\"112\">Jak mog\u0119 poprawi\u0107 faktur\u0119 z b\u0142\u0119dnym nabywc\u0105?<\/a><\/li><li><a data-post-type=\"post\" class=\"link-post\" href=\"https:\/\/taxeon.pl\/wiedza\/jak-moge-wygenerowac-jpk_faktura-i-jpk_kpir\/\" data-id=\"183\">Jak mog\u0119 wygenerowa\u0107 JPK_Faktura i JPK_KPiR?<\/a><\/li><li><a data-post-type=\"post\" class=\"link-post\" href=\"https:\/\/taxeon.pl\/wiedza\/jak-rozliczac-import-uslug-towarow-w-przypadku-zwolnienia-z-vat\/\" data-id=\"182\">Jak rozlicza\u0107 import us\u0142ug\/towar\u00f3w w przypadku zwolnienia z VAT?<\/a><\/li><li><a data-post-type=\"post\" class=\"link-post\" href=\"https:\/\/taxeon.pl\/wiedza\/jak-umiescic-na-fakturze-numer-rachunku-vat-przy-metodzie-podzielonych-platnosci-split-payment\/\" data-id=\"186\">Jak umie\u015bci\u0107 na fakturze numer rachunku VAT przy metodzie podzielonych p\u0142atno\u015bci (split payment)?<\/a><\/li><li><a data-post-type=\"post\" class=\"link-post\" href=\"https:\/\/taxeon.pl\/wiedza\/jak-ustawic-w-programie-podstawe-zwolnienia-z-podatku-vat\/\" data-id=\"177\">Jak ustawi\u0107 w programie podstaw\u0119 zwolnienia z podatku VAT?<\/a><\/li><li><a data-post-type=\"post\" class=\"link-post\" href=\"https:\/\/taxeon.pl\/wiedza\/jak-dokonac-korekty-pliku-jpk-v7-v7k\/\" data-id=\"82\">Jak wykona\u0107 korekt\u0119 pliku JPK?<\/a><\/li><li><a data-post-type=\"post\" class=\"link-post\" href=\"https:\/\/taxeon.pl\/wiedza\/jak-zarejestrowac-sie-do-vat-jak-wypelnic-vat-r\/\" data-id=\"271\">Jak zarejestrowa\u0107 si\u0119 do VAT? Jak wype\u0142ni\u0107 VAT R?<\/a><\/li><li><a data-post-type=\"post\" class=\"link-post\" href=\"https:\/\/taxeon.pl\/wiedza\/jaka-kwote-przychodu-wpisac-dla-zatwierdzenia-wysylki-jpk\/\" data-id=\"83\">Jak\u0105 kwot\u0119 przychodu wpisa\u0107 dla zatwierdzenia wysy\u0142ki JPK?<\/a><\/li><li><a data-post-type=\"post\" class=\"link-post\" href=\"https:\/\/taxeon.pl\/wiedza\/jaka-stawka-podatku-vat-dla-towaru-uslugi\/\" data-id=\"209\">Jaka stawka podatku VAT dla towaru\/us\u0142ugi?<\/a><\/li><li><a data-post-type=\"post\" class=\"link-post\" href=\"https:\/\/taxeon.pl\/wiedza\/kiedy-i-jak-stosowac-metode-podzielonej-platnosci-split-payment\/\" data-id=\"67\">Kiedy i jak stosowa\u0107 Metod\u0119 Podzielonej P\u0142atno\u015bci (Split Payment)?<\/a><\/li><li><a data-post-type=\"post\" class=\"link-post\" href=\"https:\/\/taxeon.pl\/wiedza\/kiedy-musze-skladac-deklaracje-vat-ue\/\" data-id=\"167\">Kiedy musz\u0119 sk\u0142ada\u0107 Deklaracj\u0119 VAT-UE?<\/a><\/li><li><a data-post-type=\"post\" class=\"link-post\" href=\"https:\/\/taxeon.pl\/wiedza\/procedury-w-pliku-jpk_v7-sprzedaz-ied-interfejs-elektroniczny-dostawca\/\" data-id=\"279\">Procedury w pliku JPK_V7 &#8211; sprzeda\u017c &#8211; IED &#8211; Interfejs Elektroniczny Dostawca<\/a><\/li><li><a data-post-type=\"post\" class=\"link-post\" href=\"https:\/\/taxeon.pl\/wiedza\/transakcja-z-podmiotem-powiazanym-czym-jest-i-kiedy-wystepuje\/\" data-id=\"89\">Procedury w pliku JPK_V7 &#8211; sprzeda\u017c &#8211; TP &#8211; Transakcja z podmiotem powi\u0105zanym<\/a><\/li><li><a data-post-type=\"post\" class=\"link-post\" href=\"https:\/\/taxeon.pl\/wiedza\/procedury-w-pliku-jpk_v7-sprzedaz-tt_d-dostawa-transakcja-trojstronna-procedura-uproszczona\/\" data-id=\"282\">Procedury w pliku JPK_V7 &#8211; sprzeda\u017c &#8211; TT_D &#8211; Dostawa, transakcja tr\u00f3jstronna \u2013 procedura uproszczona<\/a><\/li><li><a data-post-type=\"post\" class=\"link-post\" href=\"https:\/\/taxeon.pl\/wiedza\/procedury-w-pliku-jpk_v7-sprzedaz-tt_wnt-wnt-transakcja-trojstronna-procedura-uproszczona\/\" data-id=\"281\">Procedury w pliku JPK_V7 &#8211; sprzeda\u017c &#8211; TT_WNT &#8211; WNT, transakcja tr\u00f3jstronna \u2013 procedura uproszczona<\/a><\/li><li><a data-post-type=\"post\" class=\"link-post\" href=\"https:\/\/taxeon.pl\/wiedza\/procedury-w-pliku-jpk_v7-sprzedaz-wsto_ee-wsto-oraz-uslugi-telekom-nadawcze-elektron-art-28k-ustawy\/\" data-id=\"280\">Procedury w pliku JPK_V7 &#8211; sprzeda\u017c &#8211; WSTO_EE &#8211; WSTO oraz us\u0142ugi telekom., nadawcze, elektron. (art. 28k ustawy)<\/a><\/li><li><a data-post-type=\"post\" class=\"link-post\" href=\"https:\/\/taxeon.pl\/wiedza\/procedury-w-pliku-jpk_v7-zakup-imp-import-towarow-w-tym-import-towarow-wg-art-33a-ustawy\/\" data-id=\"278\">Procedury w pliku JPK_V7 &#8211; zakup &#8211; IMP &#8211; Import towar\u00f3w, w tym import towar\u00f3w wg. art. 33a ustawy<\/a><\/li><li><a data-post-type=\"post\" class=\"link-post\" href=\"https:\/\/taxeon.pl\/wiedza\/skad-pobrac-jpk-jesli-moja-dzialalnosc-objeta-jest-zwolnieniem-z-vat\/\" data-id=\"192\">Sk\u0105d pobra\u0107 JPK je\u015bli moja dzia\u0142alno\u015b\u0107 obj\u0119ta jest zwolnieniem z VAT?<\/a><\/li><li><a data-post-type=\"post\" class=\"link-post\" href=\"https:\/\/taxeon.pl\/wiedza\/terminy-podatkowe\/\" data-id=\"66\">Terminy podatkowe<\/a><\/li><li><a data-post-type=\"post\" class=\"link-post\" href=\"https:\/\/taxeon.pl\/wiedza\/wystawilem-dokumenty-bez-oznaczenia-kodow-gtu-procedur-vat-i-rozliczylem-okres-co-teraz\/\" data-id=\"88\">Wystawi\u0142em dokumenty bez oznaczenia kod\u00f3w GTU\/procedur VAT i rozliczy\u0142em okres. Co teraz?<\/a><\/li><li><a data-post-type=\"post\" class=\"link-post\" href=\"https:\/\/taxeon.pl\/wiedza\/wystawilem-dokumenty-bez-oznaczenia-kodow-gtu-procedur-vat-czy-moge-to-zmienic\/\" data-id=\"87\">Wystawi\u0142em dokumenty bez oznaczenia kod\u00f3w GTU\/procedur VAT. Czy mog\u0119 to zmieni\u0107?<\/a><\/li><li><a data-post-type=\"post\" class=\"link-post\" href=\"https:\/\/taxeon.pl\/wiedza\/wysylka-jpk-blad-414\/\" data-id=\"8\">Wysy\u0142ka JPK &#8211; &#8222;B\u0142\u0105d 414&#8221;<\/a><\/li><li><a data-post-type=\"post\" class=\"link-post\" href=\"https:\/\/taxeon.pl\/wiedza\/zakup-od-kontrahenta-zagranicznego-wnt-import-uslug-wpis-do-rejestru-sprzedazy-vat\/\" data-id=\"291\">Zakup od kontrahenta zagranicznego (WNT, import us\u0142ug) &#8211; wpis do rejestru sprzeda\u017cy VAT<\/a><\/li><\/ul>\n","protected":false},"excerpt":{"rendered":"","protected":false},"author":2,"featured_media":0,"parent":0,"menu_order":0,"comment_status":"closed","ping_status":"closed","template":"","meta":{"_acf_changed":false,"footnotes":""},"class_list":["post-525","page","type-page","status-publish","hentry"],"acf":[],"_links":{"self":[{"href":"https:\/\/taxeon.pl\/wiedza\/wp-json\/wp\/v2\/pages\/525","targetHints":{"allow":["GET"]}}],"collection":[{"href":"https:\/\/taxeon.pl\/wiedza\/wp-json\/wp\/v2\/pages"}],"about":[{"href":"https:\/\/taxeon.pl\/wiedza\/wp-json\/wp\/v2\/types\/page"}],"author":[{"embeddable":true,"href":"https:\/\/taxeon.pl\/wiedza\/wp-json\/wp\/v2\/users\/2"}],"replies":[{"embeddable":true,"href":"https:\/\/taxeon.pl\/wiedza\/wp-json\/wp\/v2\/comments?post=525"}],"version-history":[{"count":1,"href":"https:\/\/taxeon.pl\/wiedza\/wp-json\/wp\/v2\/pages\/525\/revisions"}],"predecessor-version":[{"id":526,"href":"https:\/\/taxeon.pl\/wiedza\/wp-json\/wp\/v2\/pages\/525\/revisions\/526"}],"wp:attachment":[{"href":"https:\/\/taxeon.pl\/wiedza\/wp-json\/wp\/v2\/media?parent=525"}],"curies":[{"name":"wp","href":"https:\/\/api.w.org\/{rel}","templated":true}]}}