{"id":519,"date":"2024-05-15T13:20:24","date_gmt":"2024-05-15T13:20:24","guid":{"rendered":"https:\/\/taxeon.pl\/wiedza\/?page_id=519"},"modified":"2024-05-15T13:20:24","modified_gmt":"2024-05-15T13:20:24","slug":"ogolne","status":"publish","type":"page","link":"https:\/\/taxeon.pl\/wiedza\/ogolne\/","title":{"rendered":"Og\u00f3lne"},"content":{"rendered":"\n<ul class=\"list-post-category\"><li><a data-post-type=\"post\" class=\"link-post\" href=\"https:\/\/taxeon.pl\/wiedza\/czy-i-jak-musze-ewidencjonowac-towar\/\" data-id=\"61\">Czy i jak musz\u0119 ewidencjonowa\u0107 towar?<\/a><\/li><li><a data-post-type=\"post\" class=\"link-post\" href=\"https:\/\/taxeon.pl\/wiedza\/czy-kpir-moge-wydrukowac-i-przechowywac-w-wersji-papierowej\/\" data-id=\"7\">Czy KPiR mog\u0119 wydrukowa\u0107 i przechowywa\u0107 w wersji papierowej?<\/a><\/li><li><a data-post-type=\"post\" class=\"link-post\" href=\"https:\/\/taxeon.pl\/wiedza\/czy-musze-rozliczac-podatek-vat-i-dochodowy-od-nieoplaconej-faktury\/\" data-id=\"136\">Czy musz\u0119 rozlicza\u0107 podatek VAT i dochodowy od nieop\u0142aconej faktury?<\/a><\/li><li><a data-post-type=\"post\" class=\"link-post\" href=\"https:\/\/taxeon.pl\/wiedza\/czy-musze-zakladac-konto-firmowe-w-banku-dla-swojej-dzialalnosci\/\" data-id=\"22\">Czy musz\u0119 zak\u0142ada\u0107 konto firmowe w banku dla swojej dzia\u0142alno\u015bci?<\/a><\/li><li><a data-post-type=\"post\" class=\"link-post\" href=\"https:\/\/taxeon.pl\/wiedza\/czy-wygenerowanie-numeru-mikrorachunku-z-pesel-jest-bledem\/\" data-id=\"63\">Czy wygenerowanie numeru mikrorachunku z PESEL jest b\u0142\u0119dem?<\/a><\/li><li><a data-post-type=\"post\" class=\"link-post\" href=\"https:\/\/taxeon.pl\/wiedza\/czynny-zal-wzor-kiedy-i-jak-zlozyc\/\" data-id=\"872\">Czynny \u017cal &#8211; wz\u00f3r, kiedy i jak z\u0142o\u017cy\u0107<\/a><\/li><li><a data-post-type=\"post\" class=\"link-post\" href=\"https:\/\/taxeon.pl\/wiedza\/gdzie-moge-sprawdzic-swoj-numer-mikrorachunku\/\" data-id=\"62\">Gdzie mog\u0119 sprawdzi\u0107 sw\u00f3j numer mikrorachunku?<\/a><\/li><li><a data-post-type=\"post\" class=\"link-post\" href=\"https:\/\/taxeon.pl\/wiedza\/jak-otworzyc-firme\/\" data-id=\"196\">Jak otworzy\u0107 firm\u0119?<\/a><\/li><li><a data-post-type=\"post\" class=\"link-post\" href=\"https:\/\/taxeon.pl\/wiedza\/jak-pobrac-wniosek-ceidg-w-formacie-pdf\/\" data-id=\"878\">Jak pobra\u0107 wniosek CEIDG w formacie PDF?<\/a><\/li><li><a data-post-type=\"post\" class=\"link-post\" href=\"https:\/\/taxeon.pl\/wiedza\/jak-w-taxeon-wprowadzic-ip-box-ulge-innowacyjna\/\" data-id=\"14\">Jak w Taxeon wprowadzi\u0107 IP BOX &#8211; ulg\u0119 innowacyjn\u0105?<\/a><\/li><li><a data-post-type=\"post\" class=\"link-post\" href=\"https:\/\/taxeon.pl\/wiedza\/polski-lad-kalkulator\/\" data-id=\"228\">Kalkulator &#8211; wyb\u00f3r formy opodatkowania<\/a><\/li><li><a data-post-type=\"post\" class=\"link-post\" href=\"https:\/\/taxeon.pl\/wiedza\/leasing-operacyjny-czy-kredyt\/\" data-id=\"211\">Leasing operacyjny czy kredyt?<\/a><\/li><li><a data-post-type=\"post\" class=\"link-post\" href=\"https:\/\/taxeon.pl\/wiedza\/najwazniejsze-terminy-rozliczen\/\" data-id=\"160\">Najwa\u017cniejsze terminy rozlicze\u0144<\/a><\/li><li><a data-post-type=\"post\" class=\"link-post\" href=\"https:\/\/taxeon.pl\/wiedza\/najwazniejsze-zmiany-w-przepisach-w-2024-r\/\" data-id=\"309\">Najwa\u017cniejsze zmiany w przepisach w 2024 r.<\/a><\/li><li><a data-post-type=\"post\" class=\"link-post\" href=\"https:\/\/taxeon.pl\/wiedza\/przeniesienie-rozliczen-w-trakcie-roku-dokumenty\/\" data-id=\"275\">Przeniesienie rozlicze\u0144 w trakcie roku &#8211; dokumenty<\/a><\/li><li><a data-post-type=\"post\" class=\"link-post\" href=\"https:\/\/taxeon.pl\/wiedza\/rejestracja-w-zus\/\" data-id=\"880\">Rejestracja w ZUS<\/a><\/li><li><a data-post-type=\"post\" class=\"link-post\" href=\"https:\/\/taxeon.pl\/wiedza\/sprzedaz-skladnikow-majatku-w-taxeon-od-stycznia-2025\/\" data-id=\"1030\">Sprzeda\u017c sk\u0142adnik\u00f3w maj\u0105tku w Taxeon &#8211; od stycznia 2025<\/a><\/li><li><a data-post-type=\"post\" class=\"link-post\" href=\"https:\/\/taxeon.pl\/wiedza\/urlop-ojcowski-a-jednoosobowa-dzialalnosc-gospodarcza\/\" data-id=\"1118\">Urlop ojcowski, a jednoosobowa dzia\u0142alno\u015b\u0107 gospodarcza<\/a><\/li><li><a data-post-type=\"post\" class=\"link-post\" href=\"https:\/\/taxeon.pl\/wiedza\/uslugi-na-rzecz-bylego-pracodawcy\/\" data-id=\"888\">Us\u0142ugi na rzecz by\u0142ego pracodawcy<\/a><\/li><li><a data-post-type=\"post\" class=\"link-post\" href=\"https:\/\/taxeon.pl\/wiedza\/zlozenie-ceidg-krok-po-kroku\/\" data-id=\"299\">Za\u0142o\u017cenie dzia\u0142alno\u015bci gospodarczej w CEIDG<\/a><\/li><li><a data-post-type=\"post\" class=\"link-post\" href=\"https:\/\/taxeon.pl\/wiedza\/zawieszenie-dzialalnosci\/\" data-id=\"208\">Zawieszenie dzia\u0142alno\u015bci<\/a><\/li><li><a data-post-type=\"post\" class=\"link-post\" href=\"https:\/\/taxeon.pl\/wiedza\/zmiana-danych-firmowych-ceidg\/\" data-id=\"890\">Zmiana danych firmowych &#8211; CEIDG<\/a><\/li><li><a data-post-type=\"post\" class=\"link-post\" href=\"https:\/\/taxeon.pl\/wiedza\/zwolnienie-lekarskie-a-dzialalnosc-gospodarcza\/\" data-id=\"153\">Zwolnienie lekarskie a dzia\u0142alno\u015b\u0107 gospodarcza<\/a><\/li><\/ul>\n","protected":false},"excerpt":{"rendered":"","protected":false},"author":2,"featured_media":0,"parent":0,"menu_order":0,"comment_status":"closed","ping_status":"closed","template":"","meta":{"_acf_changed":false,"footnotes":""},"class_list":["post-519","page","type-page","status-publish","hentry"],"acf":[],"_links":{"self":[{"href":"https:\/\/taxeon.pl\/wiedza\/wp-json\/wp\/v2\/pages\/519","targetHints":{"allow":["GET"]}}],"collection":[{"href":"https:\/\/taxeon.pl\/wiedza\/wp-json\/wp\/v2\/pages"}],"about":[{"href":"https:\/\/taxeon.pl\/wiedza\/wp-json\/wp\/v2\/types\/page"}],"author":[{"embeddable":true,"href":"https:\/\/taxeon.pl\/wiedza\/wp-json\/wp\/v2\/users\/2"}],"replies":[{"embeddable":true,"href":"https:\/\/taxeon.pl\/wiedza\/wp-json\/wp\/v2\/comments?post=519"}],"version-history":[{"count":1,"href":"https:\/\/taxeon.pl\/wiedza\/wp-json\/wp\/v2\/pages\/519\/revisions"}],"predecessor-version":[{"id":520,"href":"https:\/\/taxeon.pl\/wiedza\/wp-json\/wp\/v2\/pages\/519\/revisions\/520"}],"wp:attachment":[{"href":"https:\/\/taxeon.pl\/wiedza\/wp-json\/wp\/v2\/media?parent=519"}],"curies":[{"name":"wp","href":"https:\/\/api.w.org\/{rel}","templated":true}]}}